{"id":8,"date":"2013-05-13T11:39:02","date_gmt":"2013-05-13T09:39:02","guid":{"rendered":"https:\/\/enska.ch\/?page_id=8"},"modified":"2015-02-16T20:41:40","modified_gmt":"2015-02-16T18:41:40","slug":"betrieb","status":"publish","type":"page","link":"https:\/\/enska.ch\/?page_id=8","title":{"rendered":"Betrieb"},"content":{"rendered":"<p>Wir leben auf einem wundersch\u00f6nen Hof im Osten von Herisau. Ein vielseitiger, knapp mittelgrosser Landwirtschaftsbetrieb mit Sicht auf den Alpstein. Wir betreiben Milchwirtschaft mit Braunvieh Aufzucht, Wollschweinhaltung und Hobby Kleintierhaltung. Zudem betreiben wir einen Obstgarten mit zum Teil seltenen Hochst\u00e4mmen, dazu noch 3.5ha Wald und es wird sicher nie langweilig.<\/p>\n<h3>Tierbestand Fr\u00fchling 2015<\/h3>\n<p>16 K\u00fche<br \/> 6 Rinder<br \/> 1 Wollschwein Wolli, hochtr\u00e4chtig<br \/> 7 Mastjager Wollschweine<br \/> 3 Diepholzerg\u00e4nse<br \/> 3 Pommernenten<br \/> 2 Katzen<br \/> und Prinz, der Hofbl\u00e4ss<\/p>\n<p><a title=\"Bio Suisse\" href=\"http:\/\/www.bio-suisse.ch\/\" target=\"_blank\"><img loading=\"lazy\" decoding=\"async\" class=\"alignleft size-full wp-image-102\" src=\"https:\/\/enska.ch\/wp-content\/uploads\/2013\/05\/Bio_Suisse_logo1.jpg\" alt=\"Bio_Suisse_logo\" width=\"63\" height=\"90\" \/><\/a><a title=\"Pro Specie Rara\" href=\"http:\/\/www.prospecierara.ch\/de\/home\" target=\"_blank\"><br \/> <img loading=\"lazy\" decoding=\"async\" class=\"alignleft size-full wp-image-115\" src=\"https:\/\/enska.ch\/wp-content\/uploads\/2013\/05\/pro_specie_rara_enska.jpg\" alt=\"pro_specie_rara_enska\" width=\"80\" height=\"64\" \/><\/a><\/p>\n<div class=\"clear\">\u00a0<\/div>\n<p style=\"text-align: center;\">Der Traum vom Paradies ist wahr.<\/p>\n<div id=\"attachment_59\" style=\"width: 310px\" class=\"wp-caption aligncenter\"><a href=\"https:\/\/enska.ch\/wp-content\/uploads\/2013\/05\/panorama-photovoltaikanlage.jpg\"><img loading=\"lazy\" decoding=\"async\" aria-describedby=\"caption-attachment-59\" class=\"size-medium wp-image-59 \" src=\"https:\/\/enska.ch\/wp-content\/uploads\/2013\/05\/panorama-photovoltaikanlage-300x159.jpg\" alt=\"Enska Bio Hof\" width=\"300\" height=\"159\" srcset=\"https:\/\/enska.ch\/wp-content\/uploads\/2013\/05\/panorama-photovoltaikanlage-300x159.jpg 300w, https:\/\/enska.ch\/wp-content\/uploads\/2013\/05\/panorama-photovoltaikanlage-1024x543.jpg 1024w, https:\/\/enska.ch\/wp-content\/uploads\/2013\/05\/panorama-photovoltaikanlage.jpg 1578w\" sizes=\"auto, (max-width: 300px) 100vw, 300px\" \/><\/a><p id=\"caption-attachment-59\" class=\"wp-caption-text\">Enska Hof im Saum, Herisau<\/p><\/div>\nngg_shortcode_0_placeholder\n<p>&nbsp;<\/p>\n","protected":false},"excerpt":{"rendered":"<p>Wir leben auf einem wundersch\u00f6nen Hof im Osten von Herisau. Ein vielseitiger, knapp mittelgrosser Landwirtschaftsbetrieb mit Sicht auf den Alpstein. Wir betreiben Milchwirtschaft mit Braunvieh Aufzucht, Wollschweinhaltung und Hobby Kleintierhaltung. Zudem betreiben wir einen Obstgarten mit zum Teil seltenen Hochst\u00e4mmen, dazu noch 3.5ha Wald und es wird sicher nie langweilig. Tierbestand Fr\u00fchling 2015 16 K\u00fche [&hellip;]<\/p>\n","protected":false},"author":1,"featured_media":0,"parent":0,"menu_order":0,"comment_status":"open","ping_status":"open","template":"","meta":{"ngg_post_thumbnail":0,"footnotes":""},"class_list":["post-8","page","type-page","status-publish","hentry"],"_links":{"self":[{"href":"https:\/\/enska.ch\/index.php?rest_route=\/wp\/v2\/pages\/8","targetHints":{"allow":["GET"]}}],"collection":[{"href":"https:\/\/enska.ch\/index.php?rest_route=\/wp\/v2\/pages"}],"about":[{"href":"https:\/\/enska.ch\/index.php?rest_route=\/wp\/v2\/types\/page"}],"author":[{"embeddable":true,"href":"https:\/\/enska.ch\/index.php?rest_route=\/wp\/v2\/users\/1"}],"replies":[{"embeddable":true,"href":"https:\/\/enska.ch\/index.php?rest_route=%2Fwp%2Fv2%2Fcomments&post=8"}],"version-history":[{"count":31,"href":"https:\/\/enska.ch\/index.php?rest_route=\/wp\/v2\/pages\/8\/revisions"}],"predecessor-version":[{"id":257,"href":"https:\/\/enska.ch\/index.php?rest_route=\/wp\/v2\/pages\/8\/revisions\/257"}],"wp:attachment":[{"href":"https:\/\/enska.ch\/index.php?rest_route=%2Fwp%2Fv2%2Fmedia&parent=8"}],"curies":[{"name":"wp","href":"https:\/\/api.w.org\/{rel}","templated":true}]}}